v + 500 = 0. Suppose 394*z - f = 388*z. What is the remainder when 67 is divided by z?
25
Suppose -39 = n - 613. Let q = n - 543. What is the remainder when q is divided by 12?
7
Suppose 124 + 15063 = 246*u - 1541. What is the remainder when 198 is divided by u?
62
Suppose 90*y - 393*y + 3241 = -1001. Calculate the remainder when 23 is divided by y.
9
Suppose -14*a + 2824 = 486. Suppose 3*q = -5*z + a, -5*q - 7*z + 11*z + 303 = 0. What is the remainder when 471 is divided by q?
58
Suppose -3*r + 3*h + 718 = 133, 4*h - 195 = -r. What is the remainder when r is divided by 66?
63
Suppose -26*u = -48*u - 506. What is the remainder when u*(450/(-20) + 2/(-4)) is divided by 28?
25
Let b(g) = 22*g - 936. Calculate the remainder when 1735 is divided by b(43).
5
Let q(h) = -8*h + 77. Let c be q(9). Suppose -6*o + 9*o - 2*x = 57, -c*x + 15 = 0. Calculate the remainder when 29 is divided by o.
8
Let p = 66 + -249. Let b = p - -85. Let c = -84 - b. Calculate the remainder when 41 is divided by c.
13
Let r(m) = 4*m**2 + 65*m + 405. What is the remainder when r(-29) is divided by 23?
21
Suppose 0 = -2*h + 25 - 17. Let x = 423 - 415. Calculate the remainder when x is divided by h.
0
Let g = -11458 - -11503. Calculate the remainder when g is divided by 5.
0
Let z be 15/(0 - 3) + 0. Let a be 16/z*340/(-4). Calculate the remainder when (-15)/1*a/(-51) is divided by 22.
14
What is the remainder when (-5196)/(-9) - 7/(-105)*-20 is divided by 42?
30
Let b(s) = s**3 - 2*s**2 - 10*s + 5. Let d be b(5). Let y = d + -12. Let n(z) = -z**2 + 30*z + 35. Calculate the remainder when y is divided by n(31).
2
Suppose 22*v + 3346 = 21*v + 15*v. What is the remainder when v is divided by 138?
101
Let o(s) be the third derivative of -2*s**2 + 0 + 0*s + 13/24*s**4 + 4/3*s**3. Calculate the remainder when o(6) is divided by 29.
28
Let q(n) = 265*n + 29. Let z be q(4). Suppose 6*r - z + 183 = 0. Calculate the remainder when r is divided by 77.
74
Calculate the remainder when 1425 is divided by 196 + 6*(-49)/(-42).
4
Suppose 11*r - 1 = 10*r. Let d be 2*((r/1)/1)/1. Calculate the remainder when 14/21 + d*(-14)/(-3) is divided by 4.
2
Suppose -426*x + 414*x = -2364. Calculate the remainder when 600 is divided by x.
9
Let y = 185 + -141. Suppose -9*n - 2338 = -23*n. What is the remainder when n is divided by y?
35
Let n = 1020 - 669. Calculate the remainder when 1433 is divided by n.
29
Let r be (171/(-3))/3*-1. Suppose 4*b = -3*x + 45, 3*b + 5*x = b + r. Calculate the remainder when b is divided by 18/(4 + -2) - 2.
5
Suppose -92*k - 133 = -102*k + 4987. What is the remainder when k is divided by 133?
113
Let f = -34725 - -37756. What is the remainder when f is divided by 3021?
10
Suppose -9638 = -5*i - 4*g, 3*i - 66*g + 61*g = 5768. What is the remainder when i is divided by 44?
34
Suppose -3*t - 3*p - 366 = 0, -3*t - 130 = -2*t + 3*p. Let x = t - -151. What is the remainder when x is divided by 10?
3
Let z(g) = -3*g - 19. Let x be z(-8). Suppose 10 = m - x. What is the remainder when m is divided by 10?
5
What is the remainder when 474 is divided by 2/(1 + 5 + 1980/(-333))?
30
Let c = 108 - 65. Let n = 689 - 599. Let d = n + 122. Calculate the remainder when d is divided by c.
40
Let i(b) = 0 + 0 + 7403*b - 7391*b. Let w be i(-3). What is the remainder when 79 is divided by (-1155)/(-27) - 8/w?
36
Suppose -2*u = -5*x - 87, -28 = u + 7*x - 43. Suppose 0*h + 120 = 5*h. Calculate the remainder when u is divided by h.
12
Let y(z) = 3*z**2 - 8*z + 350. What is the remainder when y(13) is divided by 69?
63
Suppose -94898*a + 17237 = -94880*a - 4975. What is the remainder when a is divided by 113?
104
Let o be 29 - 25 - (0 - 2/1). Suppose 2602 = o*b + 178. Calculate the remainder when b is divided by 27.
26
Suppose -15*t + 13*t = 360. Let g = t - -260. Calculate the remainder when g is divided by 14.
10
Let p be (1 + -1)/(1 - 0). Suppose t = -p*t + 6. Calculate the remainder when 282/18 - (-10)/(-15) is divided by t.
3
Suppose 3*j = 114 - 657. Let i = -107 - j. Calculate the remainder when i is divided by 15.
14
Let z = -822 + 873. Calculate the remainder when 559 is divided by z.
49
Let p = 6496 + -6411. What is the remainder when p is divided by 4?
1
Let s(u) = 9*u - 6. Let l be s(4). Let g = l - -4. What is the remainder when g is divided by -2 + 1 + 260/26?
7
Suppose 27 + 22 = 7*u. Let y(z) = 7*z - 21. Let s(j) = -j**2 - 21*j - 29. Calculate the remainder when s(-12) is divided by y(u).
23
Let a = 475 - 487. Calculate the remainder when 157 is divided by 1/(a/(-256))*6/4.
29
Let h = -3238 + 3361. Calculate the remainder when h is divided by 74.
49
What is the remainder when 689 is divided by (-40)/15*25521/(-188)?
327
Let s = -215 + 305. Let m = -87 + s. Suppose 2*n + 24 = 4*p, 3*p = m*n + 4 + 8. What is the remainder when 14 is divided by p?
6
Let j(u) = 2*u**3 + 11*u**2 - 9*u - 20. Let t be j(-7). Let s = -70 - t. What is the remainder when 126 is divided by s?
24
Let x(m) = -m**3 + 21*m**2 + 74*m - 41. Let b be x(24). Let z(j) = 3*j**2 + 9*j - 73. What is the remainder when z(b) is divided by 21?
11
Let u(j) = -j**2 + 9*j - 8. Let b = -7 + 13. Suppose 10*o = 66*o + 3*o - 1062. What is the remainder when o is divided by u(b)?
8
Let z(c) = -80*c**3 - 2*c**2 - 4*c - 2. Let q be z(-1). Let a = 89 - q. Let j(u) = -2*u**2 + 21*u - 5. Calculate the remainder when j(a) is divided by 6.
4
Let q be 956/8*(2 - (-10 - 0)). Suppose -q = -5*p + 971. Calculate the remainder when p is divided by 11.
8
Let y(c) = -2*c**3 + 37*c**2 + 66*c + 3. Calculate the remainder when y(20) is divided by 67.
56
What is the remainder when (-592)/(-111)*1*45/2 is divided by 26?
16
Suppose -2*c + 34 = 3*k, 1 = k + 5*c - 6. What is the remainder when (-9)/(0 - 3/111) is divided by k?
9
Let c(y) = -4*y**2 - 30*y - 3. Let w be 3/(-9) - (-52)/(-6). Let i = w - -21. Calculate the remainder when c(-5) is divided by i.
11
Suppose 5*s + j - 61 = 3*j, 5*s + 2*j = 49. Let v(n) = 4*n + 6. Let p be v(5). Calculate the remainder when p/143 - (-920)/22 is divided by s.
9
Suppose 0*m - 2 = -m. Suppose -p + 18 = 2*v + p, -m*v + 17 = p. Let u(q) = 4*q**3 - q**2 - q + 2. Calculate the remainder when u(2) is divided by v.
4
Let j(d) = d**3 - d**2 + d - 2. Let x be (-7)/(-21)*2*6. Suppose -4*o = -x, -5*l - o = -0*o - 36. Calculate the remainder when l is divided by j(2).
3
Suppose 2*s = -z + 15, 4*z = 2*s - 23 - 17. Let m = -111 - -114. Suppose -4*l + 31 = 2*b + m*b, 2*b - 5*l = -14. Calculate the remainder when s is divided by b.
1
Let r(h) = -25*h + 17. Let p be r(-6). Let d = -155 + p. Calculate the remainder when 178 is divided by d.
10
Suppose -10*v + 13*v - 90 = 0. Suppose -9*r - 155 = -4*r. Let l = r + 90. Calculate the remainder when l is divided by v.
29
Suppose 2*b + 6*o + 30 = 5*o, 5*b - 2*o = -75. Calculate the remainder when (-6606)/b - ((-224)/40 + 5) is divided by 89.
85
Let j = 8 + -4. Let b = -24 + 30. Suppose b*g - 75 = 3*g. Calculate the remainder when g is divided by j.
1
Let l(y) = 7*y**2 + 45*y + 9. Let p(m) = -m**2 - m - 2. Let k(i) = l(i) + 6*p(i). Calculate the remainder when k(4) is divided by 43.
40
Let g(r) = 6*r + 159. Suppose -9*v - 112 = 122. What is the remainder when 10 is divided by g(v)?
1
Let p = 895 - 891. Suppose 97 = p*m - 5*s, -2*m - 5*s = -24 - 17. Calculate the remainder when 30 is divided by m.
7
Suppose 0 = n - 17*n + 2384. Calculate the remainder when n is divided by 10.
9
Suppose -46*q + 1006 + 3824 = 0. Calculate the remainder when q is divided by (-136)/(-6) - (-2)/(-3).
17
Let d = 0 + 1. Let k(m) = m**3 - 11*m**2 - 271*m - 292. What is the remainder when k(-11) is divided by d?
0
Let r = -12583 + 16296. What is the remainder when r is divided by 266?
255
Suppose 0*b - 168 = -7*b. Suppose -2*y = 2*n - 6*y + 46, 0 = 4*y. Let u(i) = i + 37. Calculate the remainder when b is divided by u(n).
10
Suppose 0 = 5*x + 5*m - 25, -3*x - 2*x + 25 = -5*m. Let t(l) = -l**2 - 8*l - 6. What is the remainder when 7*((-150)/(-5))/x is divided by t(-5)?
6
Suppose 31*k = 37*k - 594. Suppose -4*m = -2*m - 4*g - 48, -5*m + k = -3*g. What is the remainder when m is divided by 9/(-5)*(-180)/27?
6
Let g = -13 - -20. Suppose -9*f - 188 = -g*f. Calculate the remainder when (0 + (-43)/(-2))/((-47)/f) is divide